ivided by 105?
9
What is the remainder when 207 is divided by 11?
9
Calculate the remainder when 4474 is divided by 224.
218
Calculate the remainder when 191 is divided by 15.
11
Calculate the remainder when 113 is divided by 51.
11
Calculate the remainder when 164 is divided by 93.
71
What is the remainder when 29495 is divided by 7?
4
Calculate the remainder when 2873 is divided by 60.
53
What is the remainder when 6422 is divided by 21?
17
What is the remainder when 305 is divided by 117?
71
What is the remainder when 167 is divided by 19?
15
Calculate the remainder when 516 is divided by 14.
12
What is the remainder when 46 is divided by 9?
1
What is the remainder when 45 is divided by 17?
11
What is the remainder when 354 is divided by 117?
3
What is the remainder when 106486 is divided by 54?
52
What is the remainder when 340 is divided by 86?
82
What is the remainder when 116 is divided by 13?
12
What is the remainder when 242 is divided by 26?
8
Calculate the remainder when 78 is divided by 8.
6
What is the remainder when 2011 is divided by 47?
37
Calculate the remainder when 118843 is divided by 44.
43
What is the remainder when 107 is divided by 9?
8
What is the remainder when 1178 is divided by 73?
10
What is the remainder when 173 is divided by 171?
2
Calculate the remainder when 451 is divided by 113.
112
Calculate the remainder when 50 is divided by 30.
20
What is the remainder when 1870 is divided by 134?
128
Calculate the remainder when 8258 is divided by 19.
12
Calculate the remainder when 115 is divided by 32.
19
What is the remainder when 9896 is divided by 33?
29
What is the remainder when 788 is divided by 13?
8
Calculate the remainder when 9042 is divided by 28.
26
Calculate the remainder when 262 is divided by 79.
25
What is the remainder when 959 is divided by 80?
79
Calculate the remainder when 1153 is divided by 573.
7
Calculate the remainder when 1242 is divided by 89.
85
Calculate the remainder when 4 is divided by 4.
0
What is the remainder when 567 is divided by 58?
45
Calculate the remainder when 249 is divided by 9.
6
What is the remainder when 366 is divided by 49?
23
Calculate the remainder when 1085 is divided by 32.
29
Calculate the remainder when 112 is divided by 57.
55
Calculate the remainder when 4276 is divided by 63.
55
Calculate the remainder when 5892 is divided by 246.
234
What is the remainder when 81 is divided by 7?
4
What is the remainder when 1823 is divided by 24?
23
What is the remainder when 2064 is divided by 22?
18
Calculate the remainder when 102 is divided by 33.
3
What is the remainder when 13935 is divided by 67?
66
Calculate the remainder when 709 is divided by 142.
141
Calculate the remainder when 326 is divided by 115.
96
Calculate the remainder when 75 is divided by 75.
0
Calculate the remainder when 132 is divided by 31.
8
Calculate the remainder when 62 is divided by 61.
1
Calculate the remainder when 904 is divided by 41.
2
Calculate the remainder when 913 is divided by 131.
127
Calculate the remainder when 1757 is divided by 63.
56
What is the remainder when 3130 is divided by 36?
34
Calculate the remainder when 529 is divided by 29.
7
What is the remainder when 942 is divided by 118?
116
Calculate the remainder when 186 is divided by 91.
4
Calculate the remainder when 26 is divided by 1.
0
What is the remainder when 380 is divided by 122?
14
What is the remainder when 76 is divided by 43?
33
Calculate the remainder when 832 is divided by 76.
72
Calculate the remainder when 816 is divided by 7.
4
Calculate the remainder when 814 is divided by 2.
0
What is the remainder when 595 is divided by 26?
23
Calculate the remainder when 9155 is divided by 28.
27
What is the remainder when 85 is divided by 36?
13
What is the remainder when 958 is divided by 31?
28
What is the remainder when 738 is divided by 37?
35
Calculate the remainder when 2537 is divided by 80.
57
What is the remainder when 130 is divided by 12?
10
Calculate the remainder when 9691 is divided by 131.
128
Calculate the remainder when 382 is divided by 124.
10
What is the remainder when 116 is divided by 7?
4
Calculate the remainder when 244 is divided by 62.
58
Calculate the remainder when 383 is divided by 179.
25
Calculate the remainder when 5576 is divided by 13.
12
What is the remainder when 649 is divided by 50?
49
Calculate the remainder when 238 is divided by 48.
46
Calculate the remainder when 89 is divided by 24.
17
Calculate the remainder when 830 is divided by 408.
14
Calculate the remainder when 1698 is divided by 71.
65
What is the remainder when 138 is divided by 2?
0
What is the remainder when 102 is divided by 54?
48
Calculate the remainder when 255 is divided by 32.
31
What is the remainder when 17856 is divided by 13?
7
What is the remainder when 90 is divided by 82?
8
What is the remainder when 329 is divided by 113?
103
What is the remainder when 694 is divided by 39?
31
Calculate the remainder when 4249 is divided by 115.
109
Calculate the remainder when 500 is divided by 222.
56
Calculate the remainder when 500 is divided by 104.
84
What is the remainder when 868 is divided by 46?
40
What is the remainder when 370 is divided by 95?
85
Calculate the remainder when 285 is divided by 26.
25
What is the remainder when 884 is divided by 216?
20
What is the remainder when 209 is divided by 54?
47
Calculate the remainder when 1047 is divided by 39.
33
Calculate the remainder when 776 is divided by 20.
16
Calculate the remainder when 388 is divided by 125.
13
What is the remainder when 20 is divided by 5?
0
Calculate the remainder when 2178 is divided by 169.
150
Calculate the remainder when 97 is divided by 29.
10
Calculate the remainder when 85 is divided by 59.
26
Calculate the remainder when 740 is divided by 33.
14
Calculate the remainder when 2104 is divided by 261.
16
Calculate the remainder when 77 is divided by 36.
5
Calculate the remainder when 61 is divided by 22.
17
Calculate the remainder when 648 is divided by 183.
99
Calculate the remainder when 978 is divided by 476.
26
Calculate the remainder when 1587 is divided by 30.
27
What is the remainder when 846 is divided by 59?
20
Calculate the remainder when 550 is divided by 19.
18
Calculate the remainder when 11586 is divided by 305.
301
Calculate the remainder when 20 is divided by 16.
4
What is the remainder when 274 is divided by 32?
18
Calculate the remainder when 1487 is divided by 34.
25
Calculate the remainder when 6094 is divided by 28.
18
What is the remainder when 129 is divided by 106?
23
Calculate the remainder when 355 is divided by 181.
174
Calculate the remainder when 92 is divided by 17.
7
What is the remainder when 77 is divided by 47?
30
What is the remainder when 1358 is divided by 271?
3
Calculate the remainder when 1072 is divided by 353.
13
What is the remainder when 4675 is divided by 223?
215
Calculate the remainder when 413 is divided by 144.
125
Calculate the remainder when 294 is divided by 50.
44
Calculate the remainder when 1021 is divided by 93.
91
Calculate the remainder when 2428 is divided by 10.
8
Calculate the remainder when 106 is divided by 22.
18
Calculate the remainder when 103 is divided by 7.
5
Calculate the remainder when 1407 is divided by 171.
39
What is the remainder when 219 is divided by 32?
27
What is the remainder when 718 is divided by 19?
15
Calculate the remainder when 114 is divided by 9.
6
Calculate the remainder when 438 is divided by 20.
18
Calculate the remainder when 167 is divided by 19.
15
Calculate the remainder when 16834 is divided by 37.
36
What is the remainder when 30 is divided by 18?
12
Calculate the remainder when 341 is divided by 104.
29
What is the remainder when 652 is divided by 16?
12
Calculate the remainder when 2928 is divided by 101.
100
What is the remainder when 544 is divided by 141?
121
Calculate the remainder when 302 is divided by 62.
54
Calculate the remainder when 439 is divided by 9.
7
What is the remainder when 1786 is divided by 21?
1
What is the remainder when 90 is divided by 29?
3
Calculate the remainder when 296 is divided by 25.
21
Calculate the remainder when 248 is divided by 33.
17
Calculate the remainder when 192 is divided by 21.
3
Calcula